 is m(-246)?
-2
Let r(u) = -11*u**3 + 32*u**2 + 6515*u - 19536. Determine r(3).
0
Let c(i) = 93*i + 3277. Give c(-38).
-257
Let v(g) = 11311*g - 11281. Determine v(1).
30
Let y(g) = 110775*g + 1218525. Give y(-11).
0
Let t(n) = 1513521*n - 9081130. What is t(6)?
-4
Let d(b) = b**2 + 148*b + 73. Give d(-33).
-3722
Let t(a) = 18*a**2 - 921*a + 589. Calculate t(46).
-3689
Let t(d) = 508*d - 168606. Determine t(332).
50
Let f(m) = m**2 - 360*m + 8169. Calculate f(24).
105
Let p(r) = -14*r**2 + 27*r + 988. Calculate p(9).
97
Let i(t) = -5*t**3 - 199*t**2 - 346*t - 78. Give i(-38).
74
Let q(y) = y**2 + 162*y + 3187. Calculate q(-19).
470
Let w(j) = 61*j**2 - 801*j - 2675. What is w(16)?
125
Let b(x) = -6*x**3 - 2956*x**2 + 1009*x + 11350. Give b(-493).
11
Let r(p) = -9*p**2 - 1146*p - 11424. Give r(-11).
93
Let w(l) = 4*l**3 + 316*l**2 - 728*l - 6420. Determine w(-81).
60
Let j(c) = 18*c**2 - 1929*c - 12132. Give j(-6).
90
Let q(r) = -12*r**3 - 384*r**2 - 380*r + 20. What is q(-31)?
268
Let w(l) = 755*l + 8000. Give w(-9).
1205
Let r(j) = 73951*j + 3032044. What is r(-41)?
53
Let b(k) = k**3 - 19*k**2 + k - 135. What is b(8)?
-831
Let v(k) = -k**2 - 359*k + 2858. What is v(9)?
-454
Let s(f) = 12*f**3 + 6970*f**2 - 1183*f - 12202. What is s(-581)?
-1
Let z(u) = u**3 - 23756*u**2 - 71412*u - 404. What is z(-3)?
1
Let z(t) = t**3 - 132*t**2 - 676*t - 1235. Give z(137).
-2
Let b(l) = -l**2 + 247*l + 131072. Determine b(-259).
18
Let j(v) = -2755*v - 46903. What is j(-17)?
-68
Let d(s) = 6*s**2 + 466152*s - 466151. Calculate d(1).
7
Let d(t) = -t**3 - 20*t**2 + 67*t - 26. What is d(-23)?
20
Let q(x) = 2*x**3 + 97*x**2 + 336*x + 120. Give q(-45).
-825
Let r(y) = -18*y**2 + 851*y + 605. Give r(48).
-19
Let z(q) = 1695*q - 113832. Calculate z(67).
-267
Let k(f) = -8*f**3 - 1263*f**2 + 155*f + 315. Determine k(-158).
789
Let d(n) = -2*n**3 + 28*n**2 - 76*n + 105. Calculate d(11).
-5
Let o(v) = -v**3 - 384*v**2 + 5166*v + 2010. What is o(-397)?
25
Let a(h) = 1509*h - 321971. Calculate a(214).
955
Let z(q) = q**3 - 247*q**2 - 10193*q + 1108. Give z(283).
-307
Let q(w) = -w**3 - 18*w**2 + 257*w + 87. Calculate q(9).
213
Let i(x) = -62*x**2 + 4464*x + 87. What is i(72)?
87
Let d(f) = 68443*f + 205321. What is d(-3)?
-8
Let a(x) = 3*x**3 + 395*x**2 + 249*x - 1918. Determine a(-131).
-215
Let k(m) = m**2 + 379*m + 7582. Give k(-20).
402
Let z(i) = 5*i**3 + 2277*i**2 - 3654*i + 921. Determine z(-457).
7
Let h(b) = -320*b + 61125. Calculate h(191).
5
Let l(d) = -3*d**3 - 92*d**2 + 450*d - 29. Calculate l(-35).
146
Let i(u) = 2*u**3 - 11*u**2 - 6889*u + 160. Give i(-56).
216
Let o(j) = -22422*j - 10067476. Calculate o(-449).
2
Let u(o) = -11*o**2 + 792*o + 11058. Determine u(-14).
-2186
Let d(r) = -2265*r - 95457. Give d(-42).
-327
Let x(q) = -8*q**2 + 301*q - 2784. What is x(17)?
21
Let f(w) = -973*w - 9804. Calculate f(-12).
1872
Let n(s) = -345*s + 37655. What is n(107)?
740
Let x(b) = -2*b**2 - 7045*b + 127432. Give x(18).
-26
Let u(l) = -2*l**2 + 524*l - 2129. What is u(4)?
-65
Let k(s) = -9*s**2 + 662*s + 554. Calculate k(74).
258
Let g(s) = 4238*s - 233093. Give g(55).
-3
Let l(r) = -74*r**2 + 571*r - 13. Determine l(8).
-181
Let h(q) = -65156*q - 195513. Calculate h(-3).
-45
Let b(j) = -29*j**2 - 33*j - 51. What is b(0)?
-51
Let f(i) = -3*i**2 - 35*i + 520. Give f(-20).
20
Let l(b) = 22*b**3 + 461*b**2 + 70*b + 2062. Give l(-21).
151
Let k(v) = 7880*v + 15776. Calculate k(-2).
16
Let m(q) = q**2 - 840*q + 17596. Give m(22).
-400
Let c(l) = -3*l**3 + 54*l**2 + 197*l - 93. Determine c(-4).
175
Let o(q) = -9*q**3 - 1421*q**2 + 107*q - 8089. Calculate o(-158).
-31
Let n(h) = 1664895*h - 19978727. Determine n(12).
13
Let z(s) = -3219*s - 125244. What is z(-39)?
297
Let j(a) = -6*a**2 - 293*a - 3149. What is j(-29)?
302
Let n(h) = -9*h**2 + 108872*h - 435342. Determine n(4).
2
Let m(j) = 40*j**3 + 3*j**2 + 31*j + 63. Give m(-3).
-1083
Let z(c) = -81*c**3 - 501*c**2 + 31*c + 81. Determine z(-6).
-645
Let n(w) = w**2 - 21*w - 153. What is n(29)?
79
Let k(y) = -y**2 + 762*y - 58097. What is k(86)?
39
Let b(p) = 46*p**2 + 8640*p - 1494. What is b(-188)?
10
Let b(z) = z**3 - 35*z**2 + 271*z + 203. Determine b(24).
371
Let n(d) = -306*d**2 + 904*d - 11. What is n(3)?
-53
Let j(b) = -b**3 + 23*b**2 - 63*b + 2107. Determine j(24).
19
Let n(i) = -i**2 - 2723*i - 62073. Determine n(-23).
27
Let w(g) = 6*g**3 - 67*g**2 - 429*g - 544. Determine w(-2).
-2
Let r(y) = -294*y**2 + 4*y + 31. Determine r(-3).
-2627
Let o(z) = -56*z**3 + 117*z**2 - 35*z + 66. Determine o(2).
16
Let c(g) = g**3 - 251*g**2 + 6627*g + 701. Determine c(221).
38
Let m(d) = 5*d**2 + 139*d + 44. Give m(-22).
-594
Let g(c) = c**2 - 6426*c + 57757. What is g(9)?
4
Let l(r) = 37*r**2 - 117522*r - 352898. Determine l(-3).
1
Let k(d) = -61*d**3 + 39*d**2 - 16*d + 12. Calculate k(3).
-1332
Let c(n) = -6*n**3 + 183*n**2 - 612*n - 854. Calculate c(5).
-89
Let x(p) = 18017*p + 72036. Give x(-4).
-32
Let u(c) = 2*c**2 - 415*c + 20113. Determine u(132).
181
Let z(y) = y**3 + 42*y**2 + 249*y + 214. Calculate z(-35).
74
Let j(u) = 7*u**2 - 1349*u - 12707. Calculate j(-9).
1
Let d(q) = -12*q**3 - 1238*q**2 - 207*q - 391. Give d(-103).
-288
Let v(a) = 15*a**2 + 1110*a - 1104. What is v(-75)?
21
Let h(q) = 2*q**3 - 42*q**2 - 34*q + 47. What is h(17)?
-2843
Let a(r) = 2482*r - 300341. Calculate a(121).
-19
Let p(a) = -a**2 + 133*a - 4340. Give p(83).
-190
Let o(v) = 11308*v + 56592. Determine o(-5).
52
Let y(t) = 2474*t - 403282. Give y(163).
-20
Let g(z) = -3*z**3 - 911*z**2 + 74946*z + 1436. What is g(-371)?
-48
Let d(g) = -g**2 - 495741*g + 9915219. Calculate d(20).
-1
Let r(c) = -4*c**3 + 13*c**2 + 106*c + 7. Give r(-4).
47
Let k(m) = 134800*m - 2426392. Calculate k(18).
8
Let n(r) = 16597*r + 149380. Give n(-9).
7
Let s(a) = -a**2 - 139*a + 10643. Give s(58).
-783
Let i(k) = 10*k**2 + 1146*k + 3994. Give i(-111).
-2
Let i(k) = 293*k - 2280. What is i(11)?
943
Let k(q) = 4*q**3 - 133*q**2 + 15*q + 523. Give k(33).
-71
Let h(f) = f**3 + 18*f**2 - 31*f - 789. Calculate h(-17).
27
Let p(z) = -200*z - 12399. Calculate p(-62).
1
Let x(h) = h**2 - 5370*h + 6942967. Calculate x(2169).
-2
Let u(c) = 2*c**3 - 16*c**2 + 8290*c - 66316. Determine u(8).
4
Let i(x) = -x**3 + 133*x**2 - 14283*x + 1867970. Calculate i(132).
38
Let k(n) = 163249*n + 979515. Give k(-6).
21
Let h(a) = -18*a**2 - 836*a - 398. Calculate h(-46).
-30
Let s(p) = 8*p**2 + 5244*p - 1051656. Give s(161).
-4
Let n(c) = -c**2 - 12967*c + 12376982. Calculate n(893).
2
Let p(q) = -343567*q - 4466365. What is p(-13)?
6
Let x(h) = -30*h**2 - 3648*h - 2198. What is x(-121)?
-20
Let f(u) = -u**3 + 412*u**2 - 16187*u - 214. What is f(44)?
6
Let o(i) = 7*i**3 - 328*i**2 + 84*i - 8504. Calculate o(47).
-2347
Let i(k) = -115477*k + 41802664. What is i(362)?
-10
Let a(h) = 18*h**2 - 235*h + 398. What is a(2)?
0
Let p(k) = -4744*k - 460135. Calculate p(-97).
33
Let d(u) = u**3 + 341*u**2 + 1097*u + 28061. Give d(-338).
7
Let r(y) = 4*y**3 + 175*y**2 - 348*y - 5520. Determine r(-45).
15
Let t(g) = -154*g**2 - 1291*g + 1297. Give t(1).
-148
Let x(l) = -2746*l + 21174. Calculate x(8).
-794
Let x(v) = -180305*v + 2524271. Calculate x(14).
1
Let g(d) = -d**3 - 141*d**2 + 12*d - 18487. Calculate g(-142).
-27
Let o(x) = -x**3 + 127*x**2 - 1266*x - 941. What is o(116)?
219
Let q(r) = 14*r**2 + 44*r - 4337. Calculate q(16).
-49
Let g(a) = 3*a**3 + 141*a**2 - 5363*a + 2649. Determine g(-72).
-15
Let f(s) = -60511*s + 121079. Calculate f(2).
57
Let w(q) = -9330*q + 3424114. Give w(367).
4
Let y(t) = t**3 + 214*t**2 + 591*t + 332. Calculate y(-2).
-2
Let c(o) = 12*o**3 - 288*o**2 - 1736*o - 77. Determine c(29).
39
Let h(s) = s**3 - 121*s**2 + 359*s - 590. Give h(118).
0
Let p(q) = -3603*q + 14404. What is p(4)?
-8
Let p(l) = 3*l**3 - 9*l**2 + 221*l - 679. Determine p(3).
-16
Let x(r) = 4*r**3 + 180*r**2 + 4*r + 182. Calculate x(-45).
2
Let o(s) = -2588*s + 56955. Give o(22).
19
Let o(u) = -11*u**2 + 5867*u - 448054. Calculate o(441).
2
Let s(p) = -p**3 - 53*p**2 + 348*p - 257. What is s(-59)?
97
Let p(d) = -10*d**3 - 469*d**2 + 49*d + 90. Calculate p(-47).
-4
Let t(m) = -366021*m + 1098065. What is t(3)?
2
Let d(k) = 17427*k + 174272. What is d(-10)?
2
Let d(o) = -o**3 + 3*o**2 - 28